{"id":392,"date":"2023-01-12T09:39:03","date_gmt":"2023-01-12T09:39:03","guid":{"rendered":"http:\/\/sbtestpage.lt\/?page_id=392"},"modified":"2025-10-23T12:37:53","modified_gmt":"2025-10-23T12:37:53","slug":"priemimo-dokumentai","status":"publish","type":"page","link":"https:\/\/zmm.lt\/?page_id=392","title":{"rendered":"Pri\u0117mimo dokumentai"},"content":{"rendered":"<p><img fetchpriority=\"high\" decoding=\"async\" width=\"474\" height=\"343\" src=\"https:\/\/zmm.lt\/wp-content\/uploads\/2025\/05\/Skrajutes-20252-1024x741.jpg\" alt=\"\" srcset=\"https:\/\/zmm.lt\/wp-content\/uploads\/2025\/05\/Skrajutes-20252-1024x741.jpg 1024w, https:\/\/zmm.lt\/wp-content\/uploads\/2025\/05\/Skrajutes-20252-300x217.jpg 300w, https:\/\/zmm.lt\/wp-content\/uploads\/2025\/05\/Skrajutes-20252-768x556.jpg 768w, https:\/\/zmm.lt\/wp-content\/uploads\/2025\/05\/Skrajutes-20252-1536x1112.jpg 1536w, https:\/\/zmm.lt\/wp-content\/uploads\/2025\/05\/Skrajutes-20252-2048x1483.jpg 2048w\" sizes=\"(max-width: 474px) 100vw, 474px\" \/><br \/>\n\t\t\t\t\t\t\t\t\t\t\t\t\t<img decoding=\"async\" width=\"474\" height=\"343\" src=\"https:\/\/zmm.lt\/wp-content\/uploads\/2025\/05\/Skrajutes-20253-1024x741.jpg\" alt=\"\" srcset=\"https:\/\/zmm.lt\/wp-content\/uploads\/2025\/05\/Skrajutes-20253-1024x741.jpg 1024w, https:\/\/zmm.lt\/wp-content\/uploads\/2025\/05\/Skrajutes-20253-300x217.jpg 300w, https:\/\/zmm.lt\/wp-content\/uploads\/2025\/05\/Skrajutes-20253-768x556.jpg 768w, https:\/\/zmm.lt\/wp-content\/uploads\/2025\/05\/Skrajutes-20253-1536x1112.jpg 1536w, https:\/\/zmm.lt\/wp-content\/uploads\/2025\/05\/Skrajutes-20253-2048x1483.jpg 2048w\" sizes=\"(max-width: 474px) 100vw, 474px\" \/><br \/>\n\t\t\t\t\t\t\t\t\t\t\t\t\t<img decoding=\"async\" width=\"474\" height=\"343\" src=\"https:\/\/zmm.lt\/wp-content\/uploads\/2025\/05\/Skrajutes-2025-1024x741.jpg\" alt=\"\" srcset=\"https:\/\/zmm.lt\/wp-content\/uploads\/2025\/05\/Skrajutes-2025-1024x741.jpg 1024w, https:\/\/zmm.lt\/wp-content\/uploads\/2025\/05\/Skrajutes-2025-300x217.jpg 300w, https:\/\/zmm.lt\/wp-content\/uploads\/2025\/05\/Skrajutes-2025-768x556.jpg 768w, https:\/\/zmm.lt\/wp-content\/uploads\/2025\/05\/Skrajutes-2025-1536x1112.jpg 1536w, https:\/\/zmm.lt\/wp-content\/uploads\/2025\/05\/Skrajutes-2025-2048x1483.jpg 2048w\" sizes=\"(max-width: 474px) 100vw, 474px\" \/><br \/>\n\t\t\t\t\t\t\t\t\t\t\t\t\t<img loading=\"lazy\" decoding=\"async\" width=\"474\" height=\"343\" src=\"https:\/\/zmm.lt\/wp-content\/uploads\/2025\/05\/Skrajutes-20255-1024x741.jpg\" alt=\"\" srcset=\"https:\/\/zmm.lt\/wp-content\/uploads\/2025\/05\/Skrajutes-20255-1024x741.jpg 1024w, https:\/\/zmm.lt\/wp-content\/uploads\/2025\/05\/Skrajutes-20255-300x217.jpg 300w, https:\/\/zmm.lt\/wp-content\/uploads\/2025\/05\/Skrajutes-20255-768x556.jpg 768w, https:\/\/zmm.lt\/wp-content\/uploads\/2025\/05\/Skrajutes-20255-1536x1112.jpg 1536w, https:\/\/zmm.lt\/wp-content\/uploads\/2025\/05\/Skrajutes-20255-2048x1483.jpg 2048w\" sizes=\"(max-width: 474px) 100vw, 474px\" \/><br \/>\n\t\t\t\t\t\t\t\t\t\t\t\t\t<img loading=\"lazy\" decoding=\"async\" width=\"474\" height=\"343\" src=\"https:\/\/zmm.lt\/wp-content\/uploads\/2025\/05\/Skrajutes-20254-1024x741.jpg\" alt=\"\" srcset=\"https:\/\/zmm.lt\/wp-content\/uploads\/2025\/05\/Skrajutes-20254-1024x741.jpg 1024w, https:\/\/zmm.lt\/wp-content\/uploads\/2025\/05\/Skrajutes-20254-300x217.jpg 300w, https:\/\/zmm.lt\/wp-content\/uploads\/2025\/05\/Skrajutes-20254-768x556.jpg 768w, https:\/\/zmm.lt\/wp-content\/uploads\/2025\/05\/Skrajutes-20254-1536x1112.jpg 1536w, https:\/\/zmm.lt\/wp-content\/uploads\/2025\/05\/Skrajutes-20254-2048x1483.jpg 2048w\" sizes=\"(max-width: 474px) 100vw, 474px\" \/>\t\t\t\t\t\t\t\t\t\t\t\t\t<\/p>\n<h3>INFORMACIJA NORINTIEMS MOKYTIS<\/h3>\n<h4>KVIE\u010cIAME MOKYTIS \u012e FORMAL\u0172J\u012e \u0160VIETIM\u0104 PAPILDAN\u010cIAS UGDYMO (F\u0160PU) IR NEFORMALAUS VAIK\u0172 \u0160VIETIMO (NV\u0160) PROGRAMAS:<\/h4>\n<p><strong><u>Muzikos skyriuje<\/u><\/strong> \u2013 mokytis dainuoti (solinio dainavimo), groti fortepijonu, akordeonu,\u00a0 gitara, fleita, variniais pu\u010diamaisiais. F\u0160PU ugdymo programos trukm\u0117 \u2013 8 metai. Priimami 7 \u2013 11 met\u0173 vaikai. Mokestis u\u017e moksl\u0105 muzikos skyriuje \u2013 14 Eur\/m\u0117n.<\/p>\n<p><strong><u>Choreografijos skyriuje<\/u><\/strong> \u2013 mokytis \u0161okio meno, dalyvauti \u0161oki\u0173 kolektyv\u0173 veiklose. Priimami 7 \u2013 12 met\u0173 vaikai. Mokestis u\u017e moksl\u0105 lankant ilgalaik\u0119 \u0161okio F\u0160PU program\u0105 \u2013 12 Eur\/m\u0117n.<\/p>\n<p><strong><u>Dail\u0117s skyriuje<\/u><\/strong> \u2013 mokytis dail\u0117s meno pagrind\u0173. F\u0160PU ugdymo programos trukm\u0117 \u2013 7 metai. Priimami vaikai nuo 9 met\u0173 Mokestis lankant ilgalaik\u0119 dail\u0117s F\u0160PU program\u0105\u00a0 \u2013 12 Eur\/m\u0117n.<\/p>\n<p><strong>Teatro skyriuje<\/strong> &#8211; mokytis teatro pagrind\u0173. F\u0160PU ilgalaik\u0117s programos trukm\u0117 &#8211; 6 metai.\u00a0<\/p>\n<p>Mokiniai, pilnai \u012fvykd\u0119 skyri\u0173 formaliojo \u0161vietim\u0105 papildan\u010dias ugdymo (F\u0160PU) programas, gauna mokyklos baigimo pa\u017eym\u0117jimus.<\/p>\n<p>Ma\u017eas pajamas gaunan\u010dioms \u0161eimoms taikomos nuolaidos.<\/p>\n<p>Taip pat mokykloje veikia \u012fvairios neformalaus ugdymo programos (NV\u0160), daugiau informacijos &#8211; skiltyje <a href=\"https:\/\/zmm.lt\/?page_id=395\">&#8220;UGDYMO PROGRAMOS&#8221;.<\/a><\/p>\n<p><strong>Konsultacijos bei stojamieji egzaminai vyksta gegu\u017e\u0117s \u2013 bir\u017eelio m\u0117nesiais<\/strong>\u00a0Zaras\u0173 Fausto Lat\u0117no meno mokykloje.<\/p>\n<p><strong>Pra\u0161ymai mokytis<\/strong>\u00a0(tur\u0117ti gimimo liudijim\u0105)\u00a0<strong>priimami mokyklos ra\u0161tin\u0117je darbo dienomis<\/strong>\u00a0nuo 8 iki 17 val. (12-13 val. piet\u0173 pertrauka), tel. pasiteirauti 8 385 30\u00a0579<\/p>\n<p>PRA\u0160YM\u0172 IR SUTAR\u010cI\u0172 FORMOS (Galima parsisi\u0173sti, u\u017epildyti namuose ir atne\u0161ti \u012f mokykl\u0105 &#8211; vien\u0105 pra\u0161ym\u0105, du sutarties vnt. ir vien\u0105 duomen\u0173 naudojimo sutikimo form\u0105. )<\/p>\n<p><a href=\"https:\/\/zmm.lt\/wp-content\/uploads\/2025\/05\/PRASYMAS-PRIIMTI-FSPU.doc\">PRASYMAS PRIIMTI FSPU<\/a><\/p>\n<p><a href=\"https:\/\/zmm.lt\/wp-content\/uploads\/2025\/05\/PRASYMAS-PRIIMTI-FSPU_Dusetu.doc\">PRASYMAS PRIIMTI FSPU_Dusetu<\/a><\/p>\n<p><a href=\"https:\/\/zmm.lt\/wp-content\/uploads\/2025\/05\/PRASYMAS-PRIIMTI-NVS.doc\">PRASYMAS PRIIMTI NVS<\/a><\/p>\n<p><a href=\"https:\/\/zmm.lt\/wp-content\/uploads\/2025\/05\/PRASYMAS-PRIIMTI-NVS_Dusetu.doc\">PRASYMAS PRIIMTI NVS_Dusetu<\/a><\/p>\n<p><a href=\"https:\/\/zmm.lt\/wp-content\/uploads\/2025\/05\/mokymo-sutartis-FSPU-pataisyta-2025-1.docx\">MOKYMO SUTARTIS F\u0160PU 2025<\/a><\/p>\n<p><a href=\"https:\/\/zmm.lt\/wp-content\/uploads\/2025\/05\/mokymo-sutartis-NVS-pataisyta-2025.docx\">Mokymo sutartis NV\u0160\u00a0<\/a><\/p>\n<p><a href=\"https:\/\/zmm.lt\/wp-content\/uploads\/2023\/05\/Vaiko_sutikimo_forma-2023.docx\">Vaiko_duomen\u0173 naudojimo sutikimo_forma &#8211; b\u016btina pasira\u0161yti kartu su sutartimi<\/a><\/p>\n<p>Duset\u0173 meno skyriuje\u00a0 pra\u0161ymai priimami nuo 13 iki 17 val., tel. pasiteirauti 8 385 56522<\/p>\n<p><strong>Atkreipiame t\u0117veli\u0173 d\u0117mes\u012f, kad norint i\u0161braukti vaik\u0105 i\u0161 mokini\u0173 s\u0105ra\u0161o b\u016btina para\u0161yti pra\u0161ym\u0105.\u00a0<\/strong><\/p>\n<p><a style=\"font-size: 16px;\" href=\"https:\/\/zmm.lt\/wp-content\/uploads\/2023\/05\/Prasymas-del-isbraukimo.docx\">Prasymas-del-isbraukimo<\/a><\/p>\n\n\n<p>SUAUGUSI\u0172J\u0172 UGDYMO PROGRAM\u0172 PRAD\u017dIA &#8211; spalio m\u0117n.<\/p>\n\n\n\n<p>Suaugusi\u0173j\u0173 pra\u0161ymo ir sutarties formos:<\/p>\n\n\n\n<div class=\"wp-block-file\"><a id=\"wp-block-file--media-b585a0ef-d3af-4247-b0d5-a7069358af59\" href=\"https:\/\/zmm.lt\/wp-content\/uploads\/2025\/10\/Suaugusiuju-prasymas.docx\">Suaugusiuju prasymas<\/a><a href=\"https:\/\/zmm.lt\/wp-content\/uploads\/2025\/10\/Suaugusiuju-prasymas.docx\" class=\"wp-block-file__button wp-element-button\" download aria-describedby=\"wp-block-file--media-b585a0ef-d3af-4247-b0d5-a7069358af59\">Download<\/a><\/div>\n\n\n\n<div class=\"wp-block-file\"><a id=\"wp-block-file--media-9c6d9da0-1a24-48d7-b250-4c988ae6bc87\" href=\"https:\/\/zmm.lt\/wp-content\/uploads\/2025\/10\/Suaugusiuju-sutartis.docx\">Suaugusiuju sutartis<\/a><a href=\"https:\/\/zmm.lt\/wp-content\/uploads\/2025\/10\/Suaugusiuju-sutartis.docx\" class=\"wp-block-file__button wp-element-button\" download aria-describedby=\"wp-block-file--media-9c6d9da0-1a24-48d7-b250-4c988ae6bc87\">Download<\/a><\/div>\n","protected":false},"excerpt":{"rendered":"<p>INFORMACIJA NORINTIEMS MOKYTIS KVIE\u010cIAME MOKYTIS \u012e FORMAL\u0172J\u012e \u0160VIETIM\u0104 PAPILDAN\u010cIAS UGDYMO (F\u0160PU) IR NEFORMALAUS VAIK\u0172 \u0160VIETIMO (NV\u0160) PROGRAMAS: Muzikos skyriuje \u2013 mokytis dainuoti (solinio dainavimo), groti fortepijonu, akordeonu,\u00a0 gitara, fleita, variniais pu\u010diamaisiais. F\u0160PU ugdymo programos trukm\u0117 \u2013 8 metai. Priimami 7 \u2013 11 met\u0173 vaikai. Mokestis u\u017e moksl\u0105 muzikos skyriuje \u2013 14 Eur\/m\u0117n. Choreografijos skyriuje \u2013 &hellip; <a href=\"https:\/\/zmm.lt\/?page_id=392\" class=\"more-link\">Continue reading <span class=\"screen-reader-text\">Pri\u0117mimo dokumentai<\/span> <span class=\"meta-nav\">&rarr;<\/span><\/a><\/p>\n","protected":false},"author":1,"featured_media":0,"parent":0,"menu_order":0,"comment_status":"closed","ping_status":"closed","template":"","meta":{"footnotes":""},"class_list":["post-392","page","type-page","status-publish","hentry"],"_links":{"self":[{"href":"https:\/\/zmm.lt\/index.php?rest_route=\/wp\/v2\/pages\/392","targetHints":{"allow":["GET"]}}],"collection":[{"href":"https:\/\/zmm.lt\/index.php?rest_route=\/wp\/v2\/pages"}],"about":[{"href":"https:\/\/zmm.lt\/index.php?rest_route=\/wp\/v2\/types\/page"}],"author":[{"embeddable":true,"href":"https:\/\/zmm.lt\/index.php?rest_route=\/wp\/v2\/users\/1"}],"replies":[{"embeddable":true,"href":"https:\/\/zmm.lt\/index.php?rest_route=%2Fwp%2Fv2%2Fcomments&post=392"}],"version-history":[{"count":76,"href":"https:\/\/zmm.lt\/index.php?rest_route=\/wp\/v2\/pages\/392\/revisions"}],"predecessor-version":[{"id":2608,"href":"https:\/\/zmm.lt\/index.php?rest_route=\/wp\/v2\/pages\/392\/revisions\/2608"}],"wp:attachment":[{"href":"https:\/\/zmm.lt\/index.php?rest_route=%2Fwp%2Fv2%2Fmedia&parent=392"}],"curies":[{"name":"wp","href":"https:\/\/api.w.org\/{rel}","templated":true}]}}