{"id":230,"date":"2022-07-26T06:27:54","date_gmt":"2022-07-26T06:27:54","guid":{"rendered":"http:\/\/sbtestpage.lt\/?page_id=230"},"modified":"2026-04-10T09:19:37","modified_gmt":"2026-04-10T09:19:37","slug":"ataskaitos","status":"publish","type":"page","link":"https:\/\/zmm.lt\/?page_id=230","title":{"rendered":"Ataskaitos"},"content":{"rendered":"\t\t<div data-elementor-type=\"wp-page\" data-elementor-id=\"230\" class=\"elementor elementor-230\">\n\t\t\t\t\t\t<section class=\"elementor-section elementor-top-section elementor-element elementor-element-b98eb13 elementor-section-boxed elementor-section-height-default elementor-section-height-default\" data-id=\"b98eb13\" data-element_type=\"section\">\n\t\t\t\t\t\t<div class=\"elementor-container elementor-column-gap-default\">\n\t\t\t\t\t<div class=\"elementor-column elementor-col-100 elementor-top-column elementor-element elementor-element-aca7def\" data-id=\"aca7def\" data-element_type=\"column\">\n\t\t\t<div class=\"elementor-widget-wrap elementor-element-populated\">\n\t\t\t\t\t\t<div class=\"elementor-element elementor-element-0498902 elementor-widget elementor-widget-heading\" data-id=\"0498902\" data-element_type=\"widget\" data-widget_type=\"heading.default\">\n\t\t\t\t<div class=\"elementor-widget-container\">\n\t\t\t<h2 class=\"elementor-heading-title elementor-size-default\">Finansin\u0117s ataskaitos<\/h2>\t\t<\/div>\n\t\t\t\t<\/div>\n\t\t\t\t<div class=\"elementor-element elementor-element-ae0a880 elementor-widget elementor-widget-text-editor\" data-id=\"ae0a880\" data-element_type=\"widget\" data-widget_type=\"text-editor.default\">\n\t\t\t\t<div class=\"elementor-widget-container\">\n\t\t\t\t\t\t\t<p><span style=\"text-decoration: underline;\"><a href=\"https:\/\/zmm.lt\/wp-content\/uploads\/2026\/04\/2025-m-biudzeto-vykdymo-ataskaita.pdf\">2025 m. biud\u017eeto vykdymo ataskaita<\/a><\/span><\/p><p><span style=\"text-decoration: underline;\"><a href=\"https:\/\/zmm.lt\/wp-content\/uploads\/2025\/12\/2025IIIketv.-tarpines.pdf\">2025 m. III ketvir\u010dio tarpin\u0117s finansin\u0117s ataskaitos<\/a> <\/span><\/p><p><span style=\"text-decoration: underline;\"><a href=\"https:\/\/zmm.lt\/wp-content\/uploads\/2025\/12\/2025-IIIketv.Biudzeto-vykdymo.pdf\">2025 m. III ketvir\u010dio biud\u017eeto vykdymo ataskaita<\/a><\/span><\/p><p><span style=\"text-decoration: underline;\"><a href=\"https:\/\/zmm.lt\/wp-content\/uploads\/2025\/09\/2025m.IIk_.Biudzeto-vykdymo-ataskaita.pdf\">2025 m. II ketvir\u010dio biud\u017eeto vykdymo ataskaita<\/a><\/span><\/p><p><span style=\"text-decoration: underline;\"> <a href=\"https:\/\/zmm.lt\/wp-content\/uploads\/2025\/09\/2025m.IIK_.Finansine-ataskaita.pdf\">2025 m. II ketvir\u010dio tarpin\u0117s finansin\u0117 ataskaitos<\/a><\/span><\/p><p><span style=\"text-decoration: underline;\"><a href=\"https:\/\/zmm.lt\/wp-content\/uploads\/2025\/06\/ZMM-Finansines-ataskaitos-2025_1K.pdf\">2025 m. I ketvir\u010dio tarpin\u0117s finansines ataskaitos<\/a><\/span><\/p><p><span style=\"text-decoration: underline;\"><a href=\"https:\/\/zmm.lt\/wp-content\/uploads\/2025\/06\/ZMM_Biudzeto-vykdymo-ataskaitos_2025_1K.pdf\">2025 m. I ketvir\u010dio biudzeto vykdymo ataskaita<\/a><\/span><\/p><p><span style=\"text-decoration: underline;\"><a href=\"https:\/\/zmm.lt\/wp-content\/uploads\/2025\/02\/Tarpines-finansines-ataskaitos-2024-m.-IV-ketvirtis.pdf\">2024 m. IV ketvir\u010dio tarpin\u0117s finansin\u0117s ataskaitos<\/a><\/span><\/p><p><a href=\"https:\/\/zmm.lt\/wp-content\/uploads\/2025\/02\/2024-IVketv.-biudzeto-vykdymo-ataskaita.pdf\"><span style=\"text-decoration: underline;\">2024 m. IV ketvir\u010dio biud\u017eeto vykdymo ataskaita<\/span><\/a><\/p><p><span style=\"text-decoration: underline;\"><a href=\"https:\/\/zmm.lt\/wp-content\/uploads\/2025\/01\/Tarpines-finansines-ataskaitos-2024-m.-III-ketvirtis.pdf\">2024 m. III ketvir\u010dio tarpin\u0117s finansin\u0117s ataskaitos<\/a><\/span><\/p><p><span style=\"text-decoration: underline;\"> <a href=\"https:\/\/zmm.lt\/wp-content\/uploads\/2025\/01\/2024-METU-III-KETVIRCIO-BIUDZETO-ISLAIDU-VYKDYMO-ATASKAITA.pdf\">2024 m. III ketvir\u010dio biud\u017eeto vykdymo ataskaita<\/a><\/span><\/p><p><span style=\"text-decoration: underline;\"><a href=\"https:\/\/zmm.lt\/wp-content\/uploads\/2024\/09\/Biudzeto-vykdymo-ataskaita-2024-m.-II-ketvirtis.pdf\">2024 m. II ketvir\u010dio biud\u017eeto vykdymo ataskaita\u00a0<\/a><\/span><\/p><p><span style=\"text-decoration: underline;\"> <a href=\"https:\/\/zmm.lt\/wp-content\/uploads\/2024\/09\/Tarpines-finansines-ataskaitos-2024-m.-II-ketvirtis.pdf\">2024 m. II ketvir\u010dio tarpin\u0117s finansin\u0117s ataskaitos<\/a><\/span><\/p><p><span style=\"text-decoration: underline;\"><a href=\"https:\/\/zmm.lt\/wp-content\/uploads\/2024\/05\/2024-m.-I-ketvircio-biudzeto-islaidu-samatos-vykdymo-ataskaita.pdf\">2024 m. I ketvir\u010dio biud\u017eeto i\u0161laid\u0173 s\u0105matos vykdymo ataskaita<\/a> <\/span><\/p><p><span style=\"text-decoration: underline;\"><a href=\"https:\/\/zmm.lt\/wp-content\/uploads\/2024\/05\/2024-m.-I-ketvircio-tarpines-finansines-ataskaitos.pdf\">2024 m. I ketvir\u010dio tarpin\u0117s finansin\u0117s ataskaitos<\/a><\/span><\/p><p><a href=\"https:\/\/zmm.lt\/wp-content\/uploads\/2024\/03\/2023-m.-IV-ketvircio-biudzeto-vykdymo-ataskaita.pdf\"><span style=\"text-decoration: underline;\">2023 m. IV ketvir\u010dio biud\u017eeto vykdymo ataskaita<\/span><\/a><\/p><p><span style=\"text-decoration: underline;\"><a href=\"https:\/\/zmm.lt\/wp-content\/uploads\/2024\/03\/2023-m.-finansiniu-ataskaitu-rinkinys.pdf\">2023 m. finansini\u0173 ataskait\u0173 rinkinys<\/a>\u00a0<\/span><\/p><p><a href=\"https:\/\/zmm.lt\/wp-content\/uploads\/2023\/12\/2023-m.-III-ketvircio-tarpine-finansine-ataskaita.pdf\"><span style=\"text-decoration: underline;\">2023 m. III ketvir\u010dio tarpin\u0117 finansin\u0117 ataskaita<\/span><\/a><\/p><p><a href=\"https:\/\/zmm.lt\/wp-content\/uploads\/2023\/12\/2023-m.-III-ketvircio-biudzeto-vykdymo-ataskaita.pdf\"><span style=\"text-decoration: underline;\">2023 m. III ketvir\u010dio biud\u017eeto vykdymo ataskaita<\/span><\/a><\/p><p><span style=\"text-decoration: underline;\"><a href=\"https:\/\/zmm.lt\/wp-content\/uploads\/2023\/10\/2023-METU-II-KETVIRCIO-TARPINIU-FINANSINIU-ATASKAITU.pdf\">2023 m II ketvir\u010dio tarpin\u0117s finansin\u0117s ataskaitos<\/a><\/span><\/p><p><span style=\"text-decoration: underline;\"><a href=\"https:\/\/zmm.lt\/wp-content\/uploads\/2023\/08\/2023-METU-II-KETVIRCIO-BIUDZETO-ISLAIDU-VYKDYMO-ATASKAITOS.pdf\">2023 m. II ketvir\u010dio biud\u017eeto i\u0161laid\u0173 vykdymo ataskaitos<\/a><\/span><\/p><p><a href=\"https:\/\/zmm.lt\/wp-content\/uploads\/2023\/06\/2023-m.-I-o-ketvircio-biudzeto-vykdymo-ataskaita.pdf\"><span style=\"text-decoration: underline;\">2023 m. I ketvir\u010dio biud\u017eeto vykdymo ataskaita<\/span><\/a><\/p><p><span style=\"text-decoration: underline;\"><a href=\"https:\/\/zmm.lt\/wp-content\/uploads\/2023\/06\/2023-m.-prmo-ketvircio-tarpines-ataskaitos.pdf\">2023 m. I ketvir\u010dio tarpin\u0117s finansin\u0117s ataskaitos<\/a><\/span><\/p><p><span style=\"text-decoration: underline;\"><a href=\"https:\/\/zmm.lt\/wp-content\/uploads\/2023\/04\/2022-metu-financiniu-ataskaitu-rinkinys.pdf\">2022m. finansini\u0173 ataskait\u0173 rinkinys<\/a><\/span><\/p><p><span style=\"text-decoration: underline;\"><a href=\"https:\/\/zmm.lt\/wp-content\/uploads\/2023\/02\/Elektroniniodokumentonuorasas.pdf\">2022m. IV<\/a><a href=\"https:\/\/zmm.lt\/wp-content\/uploads\/2023\/02\/Elektroniniodokumentonuorasas.pdf\">\u00a0<\/a><a href=\"https:\/\/zmm.lt\/wp-content\/uploads\/2023\/02\/Elektroniniodokumentonuorasas.pdf\">ketvir\u010dio<\/a><a href=\"https:\/\/zmm.lt\/wp-content\/uploads\/2023\/02\/Elektroniniodokumentonuorasas.pdf\"> biud\u017eeto i\u0161laid\u0173 vykdymo ataskaita\u00a0\u00a0<\/a><\/span><\/p><p><a href=\"https:\/\/zmm.lt\/wp-content\/uploads\/2023\/01\/Elektroninio-dokumento-nuorasas2.pdf\"><span style=\"text-decoration: underline;\">2022 m. III ketvir\u010dio tarpin\u0117s finansin\u0117s ataskaitos<\/span><\/a><\/p><p><a href=\"https:\/\/zmm.lt\/wp-content\/uploads\/2023\/01\/Ataskaita-2022-m.-III-ketvircio.pdf\"><span style=\"text-decoration: underline;\">2022 m. III ketvir\u010dIo biud\u017eeto i\u0161laid\u0173 vykdymo ataskaitos<\/span><\/a><\/p><p><a href=\"https:\/\/zmm.lt\/wp-content\/uploads\/2023\/01\/2022-m.-II-ketvircio-biudzeto-vykdymo-ataskaitos.pdf\"><span style=\"text-decoration: underline;\">2022 m. II ketvir\u010dio biud\u017eeto i\u0161laid\u0173 vykdymo ataskaitos<\/span><\/a><\/p><p><a href=\"https:\/\/zmm.lt\/wp-content\/uploads\/2023\/01\/2022-m.-II-ketvircio-tarpines-finansines-ataskaitos.pdf\"><span style=\"text-decoration: underline;\">2022 m. II ketvir\u010dio tarpin\u0117s finansin\u0117s ataskaitos<\/span><\/a><\/p><p><a href=\"https:\/\/zmm.lt\/wp-content\/uploads\/2023\/01\/Del-2022-metu-I-ketvircio-biudzeto-islaidu-vykdymo-ataskaitu.pdf\"><span style=\"text-decoration: underline;\">2022 m. I ketvir\u010dio biud\u017eeto i\u0161laid\u0173 vykdymo ataskaitos<\/span><\/a><\/p><p><a href=\"https:\/\/zmm.lt\/wp-content\/uploads\/2023\/01\/Del-2022-metu-I-ketvircio-tarpiniu-finansiniu-ataskaitu-.pdf\"><span style=\"text-decoration: underline;\">2022 met\u0173 I ketvir\u010dio tarpini\u0173 finansini\u0173 ataskaitos<\/span><\/a><\/p>\t\t\t\t\t\t<\/div>\n\t\t\t\t<\/div>\n\t\t\t\t\t<\/div>\n\t\t<\/div>\n\t\t\t\t\t<\/div>\n\t\t<\/section>\n\t\t\t\t<section class=\"elementor-section elementor-top-section elementor-element elementor-element-e29afe9 elementor-section-boxed elementor-section-height-default elementor-section-height-default\" data-id=\"e29afe9\" data-element_type=\"section\">\n\t\t\t\t\t\t<div class=\"elementor-container elementor-column-gap-default\">\n\t\t\t\t\t<div class=\"elementor-column elementor-col-100 elementor-top-column elementor-element elementor-element-c8091fe\" data-id=\"c8091fe\" data-element_type=\"column\">\n\t\t\t<div class=\"elementor-widget-wrap elementor-element-populated\">\n\t\t\t\t\t\t<div class=\"elementor-element elementor-element-d06991f elementor-widget elementor-widget-heading\" data-id=\"d06991f\" data-element_type=\"widget\" data-widget_type=\"heading.default\">\n\t\t\t\t<div class=\"elementor-widget-container\">\n\t\t\t<h2 class=\"elementor-heading-title elementor-size-default\">Veiklos ataskaitos<\/h2>\t\t<\/div>\n\t\t\t\t<\/div>\n\t\t\t\t<div class=\"elementor-element elementor-element-3944da4 elementor-widget elementor-widget-text-editor\" data-id=\"3944da4\" data-element_type=\"widget\" data-widget_type=\"text-editor.default\">\n\t\t\t\t<div class=\"elementor-widget-container\">\n\t\t\t\t\t\t\t<p><span style=\"text-decoration: underline;\"><a href=\"https:\/\/zmm.lt\/wp-content\/uploads\/2026\/04\/2025-m-ZFLMM-veiklos-ataskaita.pdf\">2025 met\u0173 ZFLMM veiklos ataskaita<\/a><\/span><\/p><p><span style=\"text-decoration: underline;\"><a href=\"https:\/\/zmm.lt\/wp-content\/uploads\/2026\/04\/Direktores-2025-veiklos-ataskaita.pdf\">2025 met\u0173 ZFLMM direktoriaus veiklos ataskaita<\/a><\/span><\/p><p><span style=\"text-decoration: underline;\"><a href=\"https:\/\/zmm.lt\/wp-content\/uploads\/2025\/01\/2024-ataskaita-i-zmm_lt_projektas.pdf\">2024 met\u0173 ZFLMM direktoriaus veiklos ataskaita<\/a><\/span><\/p><p><span style=\"text-decoration: underline;\"><a href=\"https:\/\/zmm.lt\/wp-content\/uploads\/2024\/04\/R.JUSKENIENE-2023-M.-ATASKAITA-IR-VERTINIMAS.pdf\">2023 met\u0173 ZFLMM direktoriaus veiklos ataskaita<\/a><\/span><\/p><p><a href=\"https:\/\/zmm.lt\/wp-content\/uploads\/2023\/05\/IsvadaJuskeniene-2022-2023.pdf\"><span style=\"text-decoration: underline;\">2022 met\u0173 ZFLMM direktoriaus veiklos ataskaitos vertinimo i\u0161vada 2022<\/span><\/a><\/p>\t\t\t\t\t\t<\/div>\n\t\t\t\t<\/div>\n\t\t\t\t\t<\/div>\n\t\t<\/div>\n\t\t\t\t\t<\/div>\n\t\t<\/section>\n\t\t\t\t<\/div>\n\t\t","protected":false},"excerpt":{"rendered":"<p>Finansin\u0117s ataskaitos 2025 m. biud\u017eeto vykdymo ataskaita 2025 m. III ketvir\u010dio tarpin\u0117s finansin\u0117s ataskaitos 2025 m. III ketvir\u010dio biud\u017eeto vykdymo ataskaita 2025 m. II ketvir\u010dio biud\u017eeto vykdymo ataskaita 2025 m. II ketvir\u010dio tarpin\u0117s finansin\u0117 ataskaitos 2025 m. I ketvir\u010dio tarpin\u0117s finansines ataskaitos 2025 m. I ketvir\u010dio biudzeto vykdymo ataskaita 2024 m. IV ketvir\u010dio tarpin\u0117s finansin\u0117s &hellip; <a href=\"https:\/\/zmm.lt\/?page_id=230\" class=\"more-link\">Continue reading <span class=\"screen-reader-text\">Ataskaitos<\/span> <span class=\"meta-nav\">&rarr;<\/span><\/a><\/p>\n","protected":false},"author":1,"featured_media":0,"parent":0,"menu_order":0,"comment_status":"closed","ping_status":"closed","template":"","meta":{"footnotes":""},"class_list":["post-230","page","type-page","status-publish","hentry"],"_links":{"self":[{"href":"https:\/\/zmm.lt\/index.php?rest_route=\/wp\/v2\/pages\/230","targetHints":{"allow":["GET"]}}],"collection":[{"href":"https:\/\/zmm.lt\/index.php?rest_route=\/wp\/v2\/pages"}],"about":[{"href":"https:\/\/zmm.lt\/index.php?rest_route=\/wp\/v2\/types\/page"}],"author":[{"embeddable":true,"href":"https:\/\/zmm.lt\/index.php?rest_route=\/wp\/v2\/users\/1"}],"replies":[{"embeddable":true,"href":"https:\/\/zmm.lt\/index.php?rest_route=%2Fwp%2Fv2%2Fcomments&post=230"}],"version-history":[{"count":82,"href":"https:\/\/zmm.lt\/index.php?rest_route=\/wp\/v2\/pages\/230\/revisions"}],"predecessor-version":[{"id":2911,"href":"https:\/\/zmm.lt\/index.php?rest_route=\/wp\/v2\/pages\/230\/revisions\/2911"}],"wp:attachment":[{"href":"https:\/\/zmm.lt\/index.php?rest_route=%2Fwp%2Fv2%2Fmedia&parent=230"}],"curies":[{"name":"wp","href":"https:\/\/api.w.org\/{rel}","templated":true}]}}