{"id":2279,"date":"2025-05-27T08:41:39","date_gmt":"2025-05-27T08:41:39","guid":{"rendered":"https:\/\/zmm.lt\/?page_id=2279"},"modified":"2026-03-20T13:38:17","modified_gmt":"2026-03-20T13:38:17","slug":"darbo-taryba","status":"publish","type":"page","link":"https:\/\/zmm.lt\/?page_id=2279","title":{"rendered":"Darbo taryba"},"content":{"rendered":"<p>2025 m. gegu\u017e\u0117s 26 d. Zaras\u0173 Fausto Lat\u0117no meno mokyklos darbuotojai rinko darbo taryb\u0105. Mokyklos darbuotojai buvo pasi\u016bl\u0119 6 kandidatus, i\u0161 i\u0161kelt\u0173 kandidat\u0173 slaptu balsavimu \u012f Zaras\u0173 Fausto Lat\u0117no meno mokyklos darbo taryb\u0105 i\u0161rinkti \u0161ie darbuotojai:<\/p>\n<p>1.\u00a0\u00a0 Ramun\u0117 Sladkevi\u010di\u016bt\u0117 Dainien\u0117;2.\u00a0\u00a0 Inga Zakarauskien\u0117;3.\u00a0\u00a0 El\u017ebieta \u017digait\u0117.\u00a0Pagal Lietuvos Respublikos darbo kodekso 173 straipsnio 1 dal\u012f Darbo taryba savo \u012fgaliojimus \u012fgyja ir pradeda vykdyti Darbo kodekse nustatytas funkcijas susirinkusi \u012f pirm\u0105j\u012f pos\u0117d\u012f. Pirm\u0105j\u012f Darbo tarybos pos\u0117d\u012f turi su\u0161aukti rinkim\u0173 komisijos pirmininkas.<\/p>\n\n\n<div data-wp-interactive=\"core\/file\" class=\"wp-block-file\"><object data-wp-bind--hidden=\"!state.hasPdfPreview\" hidden class=\"wp-block-file__embed\" data=\"https:\/\/zmm.lt\/wp-content\/uploads\/2026\/03\/2025-09-04DASnaujaredakcija.docx.pdf\" type=\"application\/pdf\" style=\"width:100%;height:600px\" aria-label=\"Embed of 2025-09-04+DAS+nauja+redakcija.docx.\"><\/object><a id=\"wp-block-file--media-503f7f68-a1e9-48ab-b0b6-fb649626a25b\" href=\"https:\/\/zmm.lt\/wp-content\/uploads\/2026\/03\/2025-09-04DASnaujaredakcija.docx.pdf\">2025-09-04+DAS+nauja+redakcija.docx<\/a><a href=\"https:\/\/zmm.lt\/wp-content\/uploads\/2026\/03\/2025-09-04DASnaujaredakcija.docx.pdf\" class=\"wp-block-file__button wp-element-button\" download aria-describedby=\"wp-block-file--media-503f7f68-a1e9-48ab-b0b6-fb649626a25b\">Download<\/a><\/div>\n","protected":false},"excerpt":{"rendered":"<p>2025 m. gegu\u017e\u0117s 26 d. Zaras\u0173 Fausto Lat\u0117no meno mokyklos darbuotojai rinko darbo taryb\u0105. Mokyklos darbuotojai buvo pasi\u016bl\u0119 6 kandidatus, i\u0161 i\u0161kelt\u0173 kandidat\u0173 slaptu balsavimu \u012f Zaras\u0173 Fausto Lat\u0117no meno mokyklos darbo taryb\u0105 i\u0161rinkti \u0161ie darbuotojai: 1.\u00a0\u00a0 Ramun\u0117 Sladkevi\u010di\u016bt\u0117 Dainien\u0117;2.\u00a0\u00a0 Inga Zakarauskien\u0117;3.\u00a0\u00a0 El\u017ebieta \u017digait\u0117.\u00a0Pagal Lietuvos Respublikos darbo kodekso 173 straipsnio 1 dal\u012f Darbo taryba savo &hellip; <a href=\"https:\/\/zmm.lt\/?page_id=2279\" class=\"more-link\">Continue reading <span class=\"screen-reader-text\">Darbo taryba<\/span> <span class=\"meta-nav\">&rarr;<\/span><\/a><\/p>\n","protected":false},"author":1,"featured_media":0,"parent":0,"menu_order":0,"comment_status":"closed","ping_status":"closed","template":"","meta":{"footnotes":""},"class_list":["post-2279","page","type-page","status-publish","hentry"],"_links":{"self":[{"href":"https:\/\/zmm.lt\/index.php?rest_route=\/wp\/v2\/pages\/2279","targetHints":{"allow":["GET"]}}],"collection":[{"href":"https:\/\/zmm.lt\/index.php?rest_route=\/wp\/v2\/pages"}],"about":[{"href":"https:\/\/zmm.lt\/index.php?rest_route=\/wp\/v2\/types\/page"}],"author":[{"embeddable":true,"href":"https:\/\/zmm.lt\/index.php?rest_route=\/wp\/v2\/users\/1"}],"replies":[{"embeddable":true,"href":"https:\/\/zmm.lt\/index.php?rest_route=%2Fwp%2Fv2%2Fcomments&post=2279"}],"version-history":[{"count":8,"href":"https:\/\/zmm.lt\/index.php?rest_route=\/wp\/v2\/pages\/2279\/revisions"}],"predecessor-version":[{"id":2876,"href":"https:\/\/zmm.lt\/index.php?rest_route=\/wp\/v2\/pages\/2279\/revisions\/2876"}],"wp:attachment":[{"href":"https:\/\/zmm.lt\/index.php?rest_route=%2Fwp%2Fv2%2Fmedia&parent=2279"}],"curies":[{"name":"wp","href":"https:\/\/api.w.org\/{rel}","templated":true}]}}

<p>2025 m. gegužės 26 d. Zarasų Fausto Latėno meno mokyklos darbuotojai rinko darbo tarybą. Mokyklos darbuotojai buvo pasiūlę 6 kandidatus, iš iškeltų kandidatų slaptu balsavimu į Zarasų Fausto Latėno meno mokyklos darbo tarybą išrinkti šie darbuotojai:</p>
<p>1.   Ramunė Sladkevičiūtė Dainienė;2.   Inga Zakarauskienė;3.   Elžbieta Žigaitė. Pagal Lietuvos Respublikos darbo kodekso 173 straipsnio 1 dalį Darbo taryba savo įgaliojimus įgyja ir pradeda vykdyti Darbo kodekse nustatytas funkcijas susirinkusi į pirmąjį posėdį. Pirmąjį Darbo tarybos posėdį turi sušaukti rinkimų komisijos pirmininkas.</p>


<div data-wp-interactive="core/file" class="wp-block-file"><object data-wp-bind--hidden="!state.hasPdfPreview" hidden class="wp-block-file__embed" data="https://zmm.lt/wp-content/uploads/2026/03/2025-09-04DASnaujaredakcija.docx.pdf" type="application/pdf" style="width:100%;height:600px" aria-label="Embed of 2025-09-04+DAS+nauja+redakcija.docx."></object><a id="wp-block-file--media-503f7f68-a1e9-48ab-b0b6-fb649626a25b" href="https://zmm.lt/wp-content/uploads/2026/03/2025-09-04DASnaujaredakcija.docx.pdf">2025-09-04+DAS+nauja+redakcija.docx</a><a href="https://zmm.lt/wp-content/uploads/2026/03/2025-09-04DASnaujaredakcija.docx.pdf" class="wp-block-file__button wp-element-button" download aria-describedby="wp-block-file--media-503f7f68-a1e9-48ab-b0b6-fb649626a25b">Download</a></div>

<p>2025 m. gegužės 26 d. Zarasų Fausto Latėno meno mokyklos darbuotojai rinko darbo tarybą. Mokyklos darbuotojai buvo pasiūlę 6 kandidatus, iš iškeltų kandidatų slaptu balsavimu į Zarasų Fausto Latėno meno mokyklos darbo tarybą išrinkti šie darbuotojai: 1.   Ramunė Sladkevičiūtė Dainienė;2.   Inga Zakarauskienė;3.   Elžbieta Žigaitė. Pagal Lietuvos Respublikos darbo kodekso 173 straipsnio 1 dalį Darbo taryba savo &hellip; <a href="https://zmm.lt/?page_id=2279" class="more-link">Continue reading <span class="screen-reader-text">Darbo taryba</span> <span class="meta-nav">&rarr;</span></a></p>
