{"id":194,"date":"2022-06-21T09:44:05","date_gmt":"2022-06-21T09:44:05","guid":{"rendered":"http:\/\/sbtestpage.lt\/?page_id=194"},"modified":"2023-05-11T08:06:50","modified_gmt":"2023-05-11T08:06:50","slug":"informacija-tevams","status":"publish","type":"page","link":"https:\/\/zmm.lt\/?page_id=194","title":{"rendered":"Informacija t\u0117vams"},"content":{"rendered":"\t\t<div data-elementor-type=\"wp-page\" data-elementor-id=\"194\" class=\"elementor elementor-194\">\n\t\t\t\t\t\t<section class=\"elementor-section elementor-top-section elementor-element elementor-element-080a259 elementor-section-boxed elementor-section-height-default elementor-section-height-default\" data-id=\"080a259\" data-element_type=\"section\">\n\t\t\t\t\t\t<div class=\"elementor-container elementor-column-gap-default\">\n\t\t\t\t\t<div class=\"elementor-column elementor-col-100 elementor-top-column elementor-element elementor-element-4e56fb6\" data-id=\"4e56fb6\" data-element_type=\"column\">\n\t\t\t<div class=\"elementor-widget-wrap elementor-element-populated\">\n\t\t\t\t\t\t<div class=\"elementor-element elementor-element-fc94aad elementor-widget elementor-widget-text-editor\" data-id=\"fc94aad\" data-element_type=\"widget\" data-widget_type=\"text-editor.default\">\n\t\t\t\t<div class=\"elementor-widget-container\">\n\t\t\t\t\t\t\t<p><span style=\"text-decoration: underline;\"><a href=\"https:\/\/zmm.lt\/?page_id=495\">Mokestis u\u017e moksl\u0105<\/a><\/span><\/p><p><span style=\"text-decoration: underline;\"><a href=\"https:\/\/zmm.lt\/?page_id=198\">Mokini\u0173 pri\u0117mimas<\/a><\/span><\/p><p><span style=\"text-decoration: underline;\"><a href=\"https:\/\/zmm.lt\/?page_id=196\">Tvarkara\u0161\u010diai<\/a><\/span><\/p><p>Atkreipiame t\u0117veli\u0173 d\u0117mes\u012f &#8211; norint i\u0161sibraukti\u00a0 i\u0161 programos &#8211; b\u016btina u\u017epildyti pra\u0161ym\u0105:<\/p><p><a style=\"font-size: 16px;\" href=\"https:\/\/zmm.lt\/wp-content\/uploads\/2023\/05\/Prasymas-del-isbraukimo.docx\">P\u0160YMAS I\u0160BRAUKTI _forma<\/a><\/p><p>\u00a0<\/p><p>\u00a0<\/p><p>\u00a0<\/p><p>\u00a0<\/p><p>\u00a0<\/p><p>\u00a0<\/p>\t\t\t\t\t\t<\/div>\n\t\t\t\t<\/div>\n\t\t\t\t\t<\/div>\n\t\t<\/div>\n\t\t\t\t\t<\/div>\n\t\t<\/section>\n\t\t\t\t<\/div>\n\t\t","protected":false},"excerpt":{"rendered":"<p>Mokestis u\u017e moksl\u0105 Mokini\u0173 pri\u0117mimas Tvarkara\u0161\u010diai Atkreipiame t\u0117veli\u0173 d\u0117mes\u012f &#8211; norint i\u0161sibraukti\u00a0 i\u0161 programos &#8211; b\u016btina u\u017epildyti pra\u0161ym\u0105: P\u0160YMAS I\u0160BRAUKTI _forma \u00a0 \u00a0 \u00a0 \u00a0 \u00a0 \u00a0<\/p>\n","protected":false},"author":1,"featured_media":0,"parent":0,"menu_order":0,"comment_status":"closed","ping_status":"closed","template":"","meta":{"footnotes":""},"class_list":["post-194","page","type-page","status-publish","hentry"],"_links":{"self":[{"href":"https:\/\/zmm.lt\/index.php?rest_route=\/wp\/v2\/pages\/194","targetHints":{"allow":["GET"]}}],"collection":[{"href":"https:\/\/zmm.lt\/index.php?rest_route=\/wp\/v2\/pages"}],"about":[{"href":"https:\/\/zmm.lt\/index.php?rest_route=\/wp\/v2\/types\/page"}],"author":[{"embeddable":true,"href":"https:\/\/zmm.lt\/index.php?rest_route=\/wp\/v2\/users\/1"}],"replies":[{"embeddable":true,"href":"https:\/\/zmm.lt\/index.php?rest_route=%2Fwp%2Fv2%2Fcomments&post=194"}],"version-history":[{"count":10,"href":"https:\/\/zmm.lt\/index.php?rest_route=\/wp\/v2\/pages\/194\/revisions"}],"predecessor-version":[{"id":1323,"href":"https:\/\/zmm.lt\/index.php?rest_route=\/wp\/v2\/pages\/194\/revisions\/1323"}],"wp:attachment":[{"href":"https:\/\/zmm.lt\/index.php?rest_route=%2Fwp%2Fv2%2Fmedia&parent=194"}],"curies":[{"name":"wp","href":"https:\/\/api.w.org\/{rel}","templated":true}]}}